{"id":35,"date":"2023-05-09T15:07:31","date_gmt":"2023-05-09T13:07:31","guid":{"rendered":"https:\/\/lieblingsplatz-fuessen.de\/gaestemappe\/?page_id=35"},"modified":"2023-05-12T19:00:01","modified_gmt":"2023-05-12T17:00:01","slug":"muelltrennung","status":"publish","type":"page","link":"https:\/\/lieblingsplatz-fuessen.de\/gaestemappe\/muelltrennung\/","title":{"rendered":"M\u00fclltrennung"},"content":{"rendered":"\t\t<div data-elementor-type=\"wp-page\" data-elementor-id=\"35\" class=\"elementor elementor-35\">\n\t\t\t\t\t\t<section class=\"elementor-section elementor-top-section elementor-element elementor-element-e7a4298 elementor-section-boxed elementor-section-height-default elementor-section-height-default\" data-id=\"e7a4298\" data-element_type=\"section\">\n\t\t\t\t\t\t<div class=\"elementor-container elementor-column-gap-default\">\n\t\t\t\t\t<div class=\"elementor-column elementor-col-100 elementor-top-column elementor-element elementor-element-1bcf70d\" data-id=\"1bcf70d\" data-element_type=\"column\">\n\t\t\t<div class=\"elementor-widget-wrap elementor-element-populated\">\n\t\t\t\t\t\t<div class=\"elementor-element elementor-element-2d91a31 elementor-widget elementor-widget-heading\" data-id=\"2d91a31\" data-element_type=\"widget\" data-widget_type=\"heading.default\">\n\t\t\t\t<div class=\"elementor-widget-container\">\n\t\t\t<style>\/*! elementor - v3.20.0 - 26-03-2024 *\/\n.elementor-heading-title{padding:0;margin:0;line-height:1}.elementor-widget-heading .elementor-heading-title[class*=elementor-size-]>a{color:inherit;font-size:inherit;line-height:inherit}.elementor-widget-heading .elementor-heading-title.elementor-size-small{font-size:15px}.elementor-widget-heading .elementor-heading-title.elementor-size-medium{font-size:19px}.elementor-widget-heading .elementor-heading-title.elementor-size-large{font-size:29px}.elementor-widget-heading .elementor-heading-title.elementor-size-xl{font-size:39px}.elementor-widget-heading .elementor-heading-title.elementor-size-xxl{font-size:59px}<\/style><h1 class=\"elementor-heading-title elementor-size-default\">M\u00fclltrennung &amp; -entsorgung<\/h1>\t\t<\/div>\n\t\t\t\t<\/div>\n\t\t\t\t\t<\/div>\n\t\t<\/div>\n\t\t\t\t\t<\/div>\n\t\t<\/section>\n\t\t\t\t<section class=\"elementor-section elementor-top-section elementor-element elementor-element-d6b89a1 elementor-section-boxed elementor-section-height-default elementor-section-height-default\" data-id=\"d6b89a1\" data-element_type=\"section\">\n\t\t\t\t\t\t<div class=\"elementor-container elementor-column-gap-default\">\n\t\t\t\t\t<div class=\"elementor-column elementor-col-100 elementor-top-column elementor-element elementor-element-2eb86e5\" data-id=\"2eb86e5\" data-element_type=\"column\">\n\t\t\t<div class=\"elementor-widget-wrap elementor-element-populated\">\n\t\t\t\t\t\t<div class=\"elementor-element elementor-element-8fdab2d elementor-widget elementor-widget-text-editor\" data-id=\"8fdab2d\" data-element_type=\"widget\" data-widget_type=\"text-editor.default\">\n\t\t\t\t<div class=\"elementor-widget-container\">\n\t\t\t<style>\/*! elementor - v3.20.0 - 26-03-2024 *\/\n.elementor-widget-text-editor.elementor-drop-cap-view-stacked .elementor-drop-cap{background-color:#69727d;color:#fff}.elementor-widget-text-editor.elementor-drop-cap-view-framed .elementor-drop-cap{color:#69727d;border:3px solid;background-color:transparent}.elementor-widget-text-editor:not(.elementor-drop-cap-view-default) .elementor-drop-cap{margin-top:8px}.elementor-widget-text-editor:not(.elementor-drop-cap-view-default) .elementor-drop-cap-letter{width:1em;height:1em}.elementor-widget-text-editor .elementor-drop-cap{float:left;text-align:center;line-height:1;font-size:50px}.elementor-widget-text-editor .elementor-drop-cap-letter{display:inline-block}<\/style>\t\t\t\t<p><span style=\"font-size: large;\">Es erfolgt <strong>in F\u00fcssen eine M\u00fclltrennung in Biom\u00fcll, Restm\u00fcll, \u00a0Verpackungen mit gr\u00fcnem Punkt im gelben\/gr\u00fcnen Sack sowie Altglas.<\/strong> Siehe auch &#8222;Plakat&#8220; der Entsorgungsbetriebe Ostallg\u00e4u weiter unten.<\/span><\/p><p><span style=\"font-size: large;\">Die M\u00fclltonnen stehen auf dem Grundst\u00fcck im Gartenstadel bereit. <\/span><span style=\"font-size: large;\">(Biom\u00fcll: braune Tonne, Restm\u00fcll: schwarze Tonne, Zwischenlagerung der gelben\/gr\u00fcnen S\u00e4cke bitte im Gartenstadel rechts). Papier und Pappe bitte in die gro\u00dfe blaue Papiertonne im Stadel links. <\/span><\/p><p><span style=\"font-size: large;\">Kleinere Mengen Altglas bitte in den unteren braunen K\u00f6rben links im K\u00fcchenregal f\u00fcr die Entsorgung im Rahmen der Endreinigung zu deponieren.\u00a0<\/span><\/p><p><span style=\"font-size: large;\">Sollte der Altglasdepotkorb nicht ausreichen, bitte nehme dein Altglas mit zum Glascontainer, (z.B. neben Parkplatz &#8222;Morisse&#8220; oder auch beim V-Markt beide Kemptner Stra\u00dfe).<\/span><\/p><p><span style=\"font-size: large;\">Die M\u00fclltonnen werden mittwochs in der Altstadt sehr fr\u00fch geleert, sodass wir dich bitten die M\u00fclltonnen dienstags abends nach 18:00 Uhr vor die Haust\u00fcr zu stellen und mittwochs wieder in den Gartenstadel stellen. Gerne k\u00f6nnen wir das Raustellen f\u00fcr dich \u00fcbernehmen, du m\u00fcsstest uns den Zutritt zum Gartenstadel w\u00e4hrend deines Aufenthaltes gestatten, indem du uns kurz informierst. <\/span><\/p><p><span style=\"font-size: large;\">Abschlie\u00dfend noch ein wichtiger Hinweis zur Hygieneartikelentsorgung. Bitte entsorge auf keinen Fall Tampons, Binden, Mengen von Feuchtt\u00fcchern o.\u00e4. in den Toiletten. Wir halten dazu extra kleine schwarze Hygieneboxen mit M\u00fcllbeutel neben den WCs sowie M\u00fclleimer f\u00fcr dich bereit und m\u00f6chten damit dringend f\u00fcr dich und andere G\u00e4ste ein funktionierendes Abwassersystem sicherstellen. Danke!<\/span><\/p>\t\t\t\t\t\t<\/div>\n\t\t\t\t<\/div>\n\t\t\t\t\t<\/div>\n\t\t<\/div>\n\t\t\t\t\t<\/div>\n\t\t<\/section>\n\t\t\t\t<section class=\"elementor-section elementor-top-section elementor-element elementor-element-7678b2f elementor-section-boxed elementor-section-height-default elementor-section-height-default\" data-id=\"7678b2f\" data-element_type=\"section\">\n\t\t\t\t\t\t<div class=\"elementor-container elementor-column-gap-default\">\n\t\t\t\t\t<div class=\"elementor-column elementor-col-100 elementor-top-column elementor-element elementor-element-bffdc63\" data-id=\"bffdc63\" data-element_type=\"column\">\n\t\t\t<div class=\"elementor-widget-wrap elementor-element-populated\">\n\t\t\t\t\t\t<div class=\"elementor-element elementor-element-c21415c elementor-widget elementor-widget-spacer\" data-id=\"c21415c\" data-element_type=\"widget\" data-widget_type=\"spacer.default\">\n\t\t\t\t<div class=\"elementor-widget-container\">\n\t\t\t<style>\/*! elementor - v3.20.0 - 26-03-2024 *\/\n.elementor-column .elementor-spacer-inner{height:var(--spacer-size)}.e-con{--container-widget-width:100%}.e-con-inner>.elementor-widget-spacer,.e-con>.elementor-widget-spacer{width:var(--container-widget-width,var(--spacer-size));--align-self:var(--container-widget-align-self,initial);--flex-shrink:0}.e-con-inner>.elementor-widget-spacer>.elementor-widget-container,.e-con>.elementor-widget-spacer>.elementor-widget-container{height:100%;width:100%}.e-con-inner>.elementor-widget-spacer>.elementor-widget-container>.elementor-spacer,.e-con>.elementor-widget-spacer>.elementor-widget-container>.elementor-spacer{height:100%}.e-con-inner>.elementor-widget-spacer>.elementor-widget-container>.elementor-spacer>.elementor-spacer-inner,.e-con>.elementor-widget-spacer>.elementor-widget-container>.elementor-spacer>.elementor-spacer-inner{height:var(--container-widget-height,var(--spacer-size))}.e-con-inner>.elementor-widget-spacer.elementor-widget-empty,.e-con>.elementor-widget-spacer.elementor-widget-empty{position:relative;min-height:22px;min-width:22px}.e-con-inner>.elementor-widget-spacer.elementor-widget-empty .elementor-widget-empty-icon,.e-con>.elementor-widget-spacer.elementor-widget-empty .elementor-widget-empty-icon{position:absolute;top:0;bottom:0;left:0;right:0;margin:auto;padding:0;width:22px;height:22px}<\/style>\t\t<div class=\"elementor-spacer\">\n\t\t\t<div class=\"elementor-spacer-inner\"><\/div>\n\t\t<\/div>\n\t\t\t\t<\/div>\n\t\t\t\t<\/div>\n\t\t\t\t\t<\/div>\n\t\t<\/div>\n\t\t\t\t\t<\/div>\n\t\t<\/section>\n\t\t\t\t<section class=\"elementor-section elementor-top-section elementor-element elementor-element-7427738 elementor-section-boxed elementor-section-height-default elementor-section-height-default\" data-id=\"7427738\" data-element_type=\"section\">\n\t\t\t\t\t\t<div class=\"elementor-container elementor-column-gap-default\">\n\t\t\t\t\t<div class=\"elementor-column elementor-col-100 elementor-top-column elementor-element elementor-element-f5d2bab\" data-id=\"f5d2bab\" data-element_type=\"column\">\n\t\t\t<div class=\"elementor-widget-wrap elementor-element-populated\">\n\t\t\t\t\t\t<div class=\"elementor-element elementor-element-b016976 elementor-widget elementor-widget-image\" data-id=\"b016976\" data-element_type=\"widget\" data-widget_type=\"image.default\">\n\t\t\t\t<div class=\"elementor-widget-container\">\n\t\t\t<style>\/*! elementor - v3.20.0 - 26-03-2024 *\/\n.elementor-widget-image{text-align:center}.elementor-widget-image a{display:inline-block}.elementor-widget-image a img[src$=\".svg\"]{width:48px}.elementor-widget-image img{vertical-align:middle;display:inline-block}<\/style>\t\t\t\t\t\t\t\t\t\t<img decoding=\"async\" src=\"https:\/\/lieblingsplatz-fuessen.de\/wp-content\/uploads\/2023\/05\/Muelltrennung.jpg\" title=\"\" alt=\"\" loading=\"lazy\" \/>\t\t\t\t\t\t\t\t\t\t\t\t\t<\/div>\n\t\t\t\t<\/div>\n\t\t\t\t\t<\/div>\n\t\t<\/div>\n\t\t\t\t\t<\/div>\n\t\t<\/section>\n\t\t\t\t<\/div>\n\t\t","protected":false},"excerpt":{"rendered":"<p>M\u00fclltrennung &amp; -entsorgung Es erfolgt in F\u00fcssen eine M\u00fclltrennung in Biom\u00fcll, Restm\u00fcll, \u00a0Verpackungen mit gr\u00fcnem Punkt im gelben\/gr\u00fcnen Sack sowie Altglas. Siehe auch &#8222;Plakat&#8220; der Entsorgungsbetriebe Ostallg\u00e4u weiter unten. Die M\u00fclltonnen stehen auf dem Grundst\u00fcck im Gartenstadel bereit. (Biom\u00fcll: braune Tonne, Restm\u00fcll: schwarze Tonne, Zwischenlagerung der gelben\/gr\u00fcnen S\u00e4cke bitte im Gartenstadel rechts). Papier und Pappe &hellip;<\/p>\n<p class=\"read-more\"> <a class=\"\" href=\"https:\/\/lieblingsplatz-fuessen.de\/gaestemappe\/muelltrennung\/\"> <span class=\"screen-reader-text\">M\u00fclltrennung<\/span> Weiterlesen &raquo;<\/a><\/p>\n","protected":false},"author":1,"featured_media":0,"parent":0,"menu_order":0,"comment_status":"closed","ping_status":"closed","template":"","meta":{"site-sidebar-layout":"no-sidebar","site-content-layout":"page-builder","ast-site-content-layout":"","site-content-style":"default","site-sidebar-style":"default","ast-global-header-display":"","ast-banner-title-visibility":"","ast-main-header-display":"","ast-hfb-above-header-display":"","ast-hfb-below-header-display":"","ast-hfb-mobile-header-display":"","site-post-title":"disabled","ast-breadcrumbs-content":"","ast-featured-img":"disabled","footer-sml-layout":"","theme-transparent-header-meta":"","adv-header-id-meta":null,"stick-header-meta":"","header-above-stick-meta":null,"header-main-stick-meta":"","header-below-stick-meta":null,"astra-migrate-meta-layouts":"","footnotes":""},"_links":{"self":[{"href":"https:\/\/lieblingsplatz-fuessen.de\/gaestemappe\/wp-json\/wp\/v2\/pages\/35"}],"collection":[{"href":"https:\/\/lieblingsplatz-fuessen.de\/gaestemappe\/wp-json\/wp\/v2\/pages"}],"about":[{"href":"https:\/\/lieblingsplatz-fuessen.de\/gaestemappe\/wp-json\/wp\/v2\/types\/page"}],"author":[{"embeddable":true,"href":"https:\/\/lieblingsplatz-fuessen.de\/gaestemappe\/wp-json\/wp\/v2\/users\/1"}],"replies":[{"embeddable":true,"href":"https:\/\/lieblingsplatz-fuessen.de\/gaestemappe\/wp-json\/wp\/v2\/comments?post=35"}],"version-history":[{"count":38,"href":"https:\/\/lieblingsplatz-fuessen.de\/gaestemappe\/wp-json\/wp\/v2\/pages\/35\/revisions"}],"predecessor-version":[{"id":652,"href":"https:\/\/lieblingsplatz-fuessen.de\/gaestemappe\/wp-json\/wp\/v2\/pages\/35\/revisions\/652"}],"wp:attachment":[{"href":"https:\/\/lieblingsplatz-fuessen.de\/gaestemappe\/wp-json\/wp\/v2\/media?parent=35"}],"curies":[{"name":"wp","href":"https:\/\/api.w.org\/{rel}","templated":true}]}}